{"id":719,"date":"2020-07-27T21:57:29","date_gmt":"2020-07-27T19:57:29","guid":{"rendered":"http:\/\/www2.musilova.net\/?page_id=719"},"modified":"2023-01-15T14:11:20","modified_gmt":"2023-01-15T12:11:20","slug":"obchodni-podminky","status":"publish","type":"page","link":"https:\/\/www.musilova.net\/?page_id=719","title":{"rendered":"Obchodn\u00ed podm\u00ednky"},"content":{"rendered":"\n<h1 class=\"has-text-align-center ticss-ade8ddaf wp-block-heading\">platn\u00e9 od 1.1.2023<\/h1>\n\n\n\n<p class=\"has-text-align-center\">Adresa provozovny: Pustim\u011b\u0159 117, 68321 <\/p>\n\n\n\n<p class=\"has-text-align-center\">I\u010cO: 74634721<br>Nejsem pl\u00e1tce DPH.<br><\/p>\n\n\n\n<h1 class=\"ticss-8b540586 wp-block-heading\"><strong>OBJEDN\u00c1N\u00cd TERM\u00cdNU<\/strong><\/h1>\n\n\n\n<p class=\"ticss-45e54052 has-color-black-color has-text-color\" style=\"font-size:20px\">Rezervovat term\u00edn si m\u016f\u017eete <a rel=\"noreferrer noopener\" href=\"mailto:jana@musilova.net\" target=\"_blank\">emailem<\/a> nebo m\u016f\u017eete napsat zpr\u00e1vu na m\u016fj facebookov\u00fd \u00fa\u010det <a href=\"https:\/\/www.facebook.com\/Fotografka-Jana-Musilov%C3%A1-1836316376581012\/?ref=bookmarks\" target=\"_blank\" rel=\"noopener\">Fotografka Jana Musilov\u00e1<\/a>. Do zpr\u00e1vy napi\u0161te o jak\u00fd druh focen\u00ed m\u00e1te z\u00e1jem, kdo se bude fotit a \u010dasov\u00fd horizont nebo ur\u010dit\u00e9 datum v p\u0159\u00edpad\u011b svatby.<\/p>\n\n\n\n<p class=\"ticss-8e98b112 has-color-black-color has-text-color\" style=\"font-size:20px\">Objednac\u00ed doba je dle m\u00e9 aktu\u00e1ln\u00ed vyt\u00ed\u017eenosti, ale z pravidla jsou to dva t\u00fddny.\u00a0 Novorozeneck\u00e9 focen\u00ed (newborn) je nutn\u00e9 zarezervovat je\u0161t\u011b v t\u011bhotenstv\u00ed. Sta\u010d\u00ed m\u011b informovat, \u017ee m\u00e1te z\u00e1jem o newborn focen\u00ed, a j\u00e1 si V\u00e1s zap\u00ed\u0161u do seznamu a budu s V\u00e1mi po\u010d\u00edtat. P\u0159esn\u00fd term\u00edn se domlouv\u00e1 po samotn\u00e9m porodu je\u0161t\u011b z porodnice. <\/p>\n\n\n\n<p class=\"ticss-8e98b112 has-color-black-color has-text-color\" style=\"font-size:20px\">Objedn\u00e1n\u00ed je z\u00e1vazn\u00e9 v okam\u017eiku odsouhlasen\u00ed term\u00ednu focen\u00ed klientem i fotografem. Objedn\u00e1n\u00edm souhlas\u00edte s obchodn\u00edmi podm\u00ednkami, s autorsk\u00fdm p\u0159\u00edstupem a fotografick\u00fdm stylem, se kter\u00fdm pracuji. <\/p>\n\n\n\n<p class=\"ticss-8e98b112 has-color-black-color has-text-color\" style=\"font-size:20px\"><\/p>\n\n\n\n<h1 class=\"ticss-8b540586 wp-block-heading\"><strong>CENA FOCEN\u00cd<\/strong><\/h1>\n\n\n\n<p class=\"ticss-aa622d0c has-color-black-color has-text-color\" style=\"font-size:20px\">Ceny najdete na webov\u00fdch str\u00e1nk\u00e1ch v sekci Cen\u00edk dle jednotliv\u00fdch druh\u016f focen\u00ed. Cen\u00edk svatebn\u00edho focen\u00ed poskytuji na vy\u017e\u00e1d\u00e1n\u00ed.<\/p>\n\n\n\n<h1 class=\"ticss-8b540586 wp-block-heading\"><strong>ZRU\u0160EN\u00cd REZERVACE<\/strong><\/h1>\n\n\n\n<p class=\"ticss-aa622d0c has-color-black-color has-text-color\" style=\"font-size:20px\">Pokud mus\u00edte focen\u00ed z jak\u00e9hokoliv d\u016fvodu zru\u0161it, tak mn\u011b o tom pros\u00edm neprodlen\u011b informujte.&nbsp; Focen\u00ed bude zru\u0161eno nebo V\u00e1m bude nab\u00eddnut n\u00e1hradn\u00ed term\u00edn (dle m\u00e9 vyt\u00ed\u017eenosti). <\/p>\n\n\n\n<p class=\"ticss-8e98b112 has-color-black-color has-text-color\" style=\"font-size:20px\"><\/p>\n\n\n\n<p><\/p>\n\n\n\n<h1 class=\"ticss-8b540586 wp-block-heading\"><strong>N\u00c1HRADN\u00cd TERM\u00cdN<\/strong><\/h1>\n\n\n\n<p class=\"ticss-aa622d0c has-color-black-color has-text-color\" style=\"font-size:20px\">N\u00e1hradn\u00ed term\u00edn bude nab\u00eddnut v co mo\u017en\u00e1 nejbli\u017e\u0161\u00ed mo\u017en\u00e9 dob\u011b dle aktu\u00e1ln\u00ed \u010dasov\u00e9 vyt\u00ed\u017eenosti. V p\u0159\u00edpad\u011b newborn focen\u00ed je mo\u017en\u00e9, \u017ee nebude mo\u017en\u00e9 nab\u00eddnout vhodn\u00fd term\u00edn, ale je mo\u017en\u00e9 fotit lifestyle newborn, kde nen\u00ed podm\u00ednkou st\u00e1\u0159\u00ed miminka 10 dn\u00ed.<\/p>\n\n\n\n<p><\/p>\n\n\n\n<h1 class=\"wp-block-heading\"><strong>M\u00cdSTO FOCEN\u00cd<\/strong><\/h1>\n\n\n\n<p class=\"ticss-61cef0ad has-color-black-color has-text-color\" style=\"font-size:20px\">Lokace focen\u00ed se domlouv\u00e1 p\u0159ed focen\u00edm. Ve\u0161ker\u00e9 focen\u00ed (krom\u011b newborn) prob\u00edh\u00e1 v exteri\u00e9ru. P\u0159i nep\u0159\u00edzni po\u010das\u00ed se p\u0159esunuje focen\u00ed na n\u00e1hradn\u00ed term\u00edn. Pokud je zamra\u010deno nebo zima, tak se to nepova\u017euje za nep\u0159\u00edzniv\u00e9 po\u010das\u00ed. <\/p>\n\n\n\n<p class=\"ticss-61cef0ad has-color-black-color has-text-color\" style=\"font-size:20px\">Pro newborn je p\u0159ipraven\u00fd ateli\u00e9r, za\u0159\u00edzen\u00fd p\u0159edev\u0161\u00edm na newborn, ale je mo\u017en\u00e9 zde fotit i v\u0161echy ostatn\u00ed druhy focen\u00ed. Pro boudoir focen\u00ed si ateli\u00e9r pronaj\u00edm\u00e1m k tomu pat\u0159i\u010dn\u011b vybaven\u00fd. <\/p>\n\n\n\n<p class=\"ticss-8e98b112 has-color-black-color has-text-color\" style=\"font-size:20px\">Objedn\u00e1n\u00ed je z\u00e1vazn\u00e9 v okam\u017eiku odsouhlasen\u00ed term\u00ednu focen\u00ed klientem i fotografem. Objedn\u00e1n\u00edm souhlas\u00edte s obchodn\u00edmi podm\u00ednkami, s autorsk\u00fdm p\u0159\u00edstupem a fotografick\u00fdm stylem, se kter\u00fdm pracuji. <\/p>\n\n\n\n<p>Doprava do 10 km od Pustim\u011b\u0159e se nepo\u010d\u00edt\u00e1, pot\u00e9 si \u00fa\u010dtuji si 10 K\u010d\/km. Po\u010d\u00edt\u00e1 se cesta tam i zp\u011bt. <\/p>\n\n\n\n<p><\/p>\n\n\n\n<h1 class=\"ticss-8b540586 wp-block-heading\"><strong>DOBA FOCEN\u00cd<\/strong><\/h1>\n\n\n\n<p class=\"ticss-aa622d0c has-color-black-color has-text-color\" style=\"font-size:20px\">Doba focen\u00ed je individu\u00e1ln\u00ed dle v\u00fdb\u011bru a rozsahu bal\u00ed\u010dku. Pozdn\u00ed p\u0159\u00edchod nen\u00ed d\u016fvodem k prodlou\u017een\u00ed domluven\u00e9ho \u010dasov\u00e9ho rozsahu, a o tuto dobu bude doba focen\u00ed zkr\u00e1cena. V p\u0159\u00edpad\u011b zpo\u017ed\u011bn\u00ed del\u0161\u00edm ne\u017e 20 minut a bez p\u0159edchoz\u00ed omluvy, se focen\u00ed ru\u0161\u00ed bez mo\u017enosti n\u00e1hradn\u00edho term\u00ednu. V pr\u016fb\u011bhu focen\u00ed je zak\u00e1z\u00e1no po\u0159izovat jak\u00fdkoliv fotografick\u00fd nebo video z\u00e1znam bez p\u0159edchoz\u00edho souhlasu fotografa.<\/p>\n\n\n\n<p><\/p>\n\n\n\n<h1 class=\"wp-block-heading\"><strong>JAK A KDY PROB\u00cdH\u00c1 PLATBA?<\/strong><\/h1>\n\n\n\n<p class=\"ticss-5e5c4dd6 has-color-black-color has-text-color\" style=\"font-size:20px\">Plat\u00ed se v\u017edy na m\u00edst\u011b po focen\u00ed, m\u011bjte pros\u00edm p\u0159esnou \u010d\u00e1stku, pop\u0159\u00edpad\u011b lze prov\u00e9st platbu p\u0159evodem p\u0159es QR k\u00f3d. P\u0159i v\u00fdb\u011bru dal\u0161\u00edch fotografi\u00ed nad r\u00e1mec bal\u00ed\u010dku, doplatek prob\u00edh\u00e1 formou bezhotovstn\u00ed platby na bankovn\u00ed \u00fa\u010det. <\/p>\n\n\n\n<p><\/p>\n\n\n\n<p><\/p>\n\n\n\n<h1 class=\"wp-block-heading\"><strong>V\u00ddB\u011aR FOTOGRAFI\u00cd<\/strong><\/h1>\n\n\n\n<p class=\"ticss-ac7d2845 has-color-black-color has-text-color\" style=\"font-size:20px\">Do t\u00fddne dostanete odkaz na galerii n\u00e1hled\u016f k v\u00fdb\u011bru. Na v\u00fdb\u011br m\u00e1te 2 t\u00fddny, pokud se nedomluv\u00edme jinak. <\/p>\n\n\n\n<p class=\"ticss-ac7d2845 has-color-black-color has-text-color\" style=\"font-size:20px\">Zaslan\u00e9 n\u00e1hledy fotografi\u00ed dle autorsk\u00e9ho z\u00e1kona \u010d. 121\/2000 sb. nen\u00ed bez souhlasu fotografa jako autora dan\u00e9ho d\u00edla dovoleno tyto n\u00e1hledy kdekoli zve\u0159ej\u0148ovat a ani je d\u00e1le upravovat (jsou ve vlastnictv\u00ed fotografa a ur\u010deny v\u00fdhradn\u011b pro v\u00fdb\u011br k&nbsp;retu\u0161i). Slou\u017e\u00ed pouze pro klientovu osobn\u00ed pot\u0159ebu, a&nbsp; k&nbsp;n\u00e1sledn\u00e9mu v\u00fdb\u011bru fotografi\u00ed, kter\u00e9 bude klient po\u017eadovat upravit. <\/p>\n\n\n\n<p class=\"ticss-ac7d2845 has-color-black-color has-text-color\" style=\"font-size:20px\">Po dokon\u010den\u00ed zak\u00e1zky doch\u00e1z\u00ed ke smaz\u00e1n\u00ed vytvo\u0159en\u00e9 galerie s n\u00e1hledy.<\/p>\n\n\n<h1 id=\"block-aa78ee81-8b7a-409c-8403-1da9e70d813d\" class=\"block-editor-rich-text__editable ticss-87ab2768 block-editor-block-list__block wp-block is-selected has-text-align-center has-huge-font-size rich-text\" tabindex=\"0\" role=\"group\" aria-multiline=\"true\" aria-label=\"Blok: Nadpis\" data-block=\"aa78ee81-8b7a-409c-8403-1da9e70d813d\" data-type=\"core\/heading\" data-title=\"Nadpis\" contenteditable=\"true\"><span style=\"color: #808080;\"><strong data-rich-text-format-boundary=\"true\">NEUPRAVEN\u00c9 FOTOGRAFIE <\/strong><\/span><br data-rich-text-line-break=\"true\"><span style=\"color: #808080;\"><strong>NEPOSKYTUJI!!!<\/strong><\/span><\/h1>\n\n\n<p><\/p>\n\n\n\n<h1 class=\"wp-block-heading\"><strong>CO ZNAMEN\u00c1 \u00daPRAVA FOTORAFIE?<\/strong><\/h1>\n\n\n\n<p class=\"ticss-53e50ed0 has-color-black-color has-text-color\" style=\"font-size:20px\">Ka\u017edou fotografii ji\u017e v n\u00e1hledech dostanete \u010d\u00e1ste\u010dn\u011b upravenou, tak\u017ee je\u0161t\u011b ne\u017e si vyberete s ka\u017edou fotkou str\u00e1v\u00edm ur\u010dit\u00fd \u010das. To znamen\u00e1 o\u0159ez, \u00faprava barev, vyv\u00e1\u017een\u00ed expozice, jasu, st\u00edn\u016f, odstran\u011bn\u00ed aktu\u00e1ln\u00edch po\u0161kozen\u00ed pleti (pup\u00ednek, zima, men\u0161\u00ed od\u0159eniny a mod\u0159iny). V\u011bt\u0161\u00ed retu\u0161e pleti, b\u011blen\u00ed zub\u016f, usm\u011brn\u011bn\u00ed vlas\u016f, odstran\u011bn\u00ed vr\u00e1sek, odstran\u011bn\u00ed \u010douhaj\u00edc\u00edho ram\u00ednka, ze\u0161t\u00edhlen\u00ed nebo odstran\u011bn\u00ed osoby z fotografie je \u00fa\u010dtov\u00e1no 300 K\u010d za fotografii. V\u0161e jen v p\u0159\u00edpad\u011b, \u017ee je takov\u00e1 \u00faprava realizovateln\u00e1. Tetova\u010dky u d\u011bt\u00ed neretu\u0161uji, doporu\u010duji je odstranit ji\u017e doma, ne t\u011bsn\u011b p\u0159ed focen\u00edm.<\/p>\n\n\n\n<p class=\"ticss-53e50ed0 has-color-black-color has-text-color\" style=\"font-size:20px\">U miminek retu\u0161uji novorozeneckou vyr\u00e1\u017eku a velk\u00e9 ru\u0161\u00edc\u00ed kousky loupaj\u00edc\u00ed k\u016f\u017ee, ne v\u0161ak ve\u0161kerou loupaj\u00edc\u00ed se k\u016f\u017ei &#8211; ta je pro novorozence typick\u00e1. Sjednocuji barvu pleti. <\/p>\n\n\n\n<p><\/p>\n\n\n\n<p><\/p>\n\n\n\n<h1 class=\"wp-block-heading\"><strong><em>KDY BUDETE M\u00cdT FOTKY?<\/em><\/strong><\/h1>\n\n\n\n<p class=\"ticss-58fe0233 has-color-black-color has-text-color\" style=\"font-size:20px\">Od obdr\u017een\u00ed zaslan\u00e9ho v\u00fdb\u011bru fotograf\u00ed je dod\u00e1n\u00ed 2-4 t\u00fddn\u016f, dle vyt\u00ed\u017eenosti. V p\u0159\u00edpad\u011b \u010derp\u00e1n\u00ed dovolen\u00e9 nebo nemoci se tato doba m\u016f\u017ee prodlou\u017eit<strong><em>.<\/em><\/strong> U svatebn\u00edch fotografi\u00ed je doba dod\u00e1n\u00ed uveden\u00e1 ve smlouv\u011b.<\/p>\n\n\n\n<p><\/p>\n\n\n\n<p><\/p>\n\n\n\n<h1 class=\"wp-block-heading\"><strong>JAK SE K V\u00c1M FOTKY DOSTANOU?<\/strong><\/h1>\n\n\n\n<p class=\"ticss-a76e29d5 has-color-black-color has-text-color\" style=\"font-size:20px\">V\u0161echny vybran\u00e9 a upraven\u00e9 fotky zas\u00edl\u00e1m elektronicky v maxim\u00e1ln\u00edm rozli\u0161en\u00ed, kde si je m\u016f\u017eete neomezen\u011b 2 t\u00fddny st\u00e1hnout a ulo\u017eit, nebo kdokoliv, komu po\u0161lete odkaz. Fotky z tisku jsou zas\u00edl\u00e1ny p\u0159es Z\u00e1silkovnu dle aktu\u00e1ln\u00edho cen\u00edku. Svatebn\u00ed fotografie obdr\u017e\u00edte v rozsahu a domluvenou formou uvedenou ve smlouv\u011b.<\/p>\n\n\n\n<p><\/p>\n\n\n\n<p><\/p>\n\n\n\n<h1 class=\"wp-block-heading\"><strong>V JAK\u00c9M FORM\u00c1TU JE OBDR\u017d\u00cdM?<\/strong><\/h1>\n\n\n\n<p class=\"ticss-b143bb8a has-color-black-color has-text-color\" style=\"font-size:20px\">Fotky dostanete ve form\u00e1tu jpeg v pln\u00e9m rozli\u0161en\u00ed a i ve zmen\u0161en\u00e9 verzi pro web \u010di prohl\u00ed\u017een\u00ed v TV. Jsou zas\u00edl\u00e1ny v pom\u011bru stran 2:3. Fotky jsou vhodn\u00e9 pro tisk i velkoform\u00e1tov\u00e9 obrazy. V\u017edy je nutn\u00e9 tisknout z origin\u00e1lu.<\/p>\n\n\n\n<p><\/p>\n\n\n\n<p><\/p>\n\n\n\n<h1 class=\"wp-block-heading\"><strong>JAK DLOUHO M\u00c1M FOTKY V ARCHIVU?<\/strong><\/h1>\n\n\n\n<p class=\"ticss-1cf8db69 has-color-black-color has-text-color\" style=\"font-size:20px\">1 rok pouze upraven\u00e9 fotografie, po t\u00e9to dob\u011b jsou fotky smaz\u00e1ny a nen\u00ed mo\u017en\u00e9 je ode m\u011b \u017e\u00e1dat. Ostatn\u00ed neupraven\u00e9 fotografie jsou z kapacitn\u00edch d\u016fvod\u016f smaz\u00e1ny do 1 m\u011bs\u00edce od zasl\u00e1n\u00ed v\u00fdb\u011bru.<\/p>\n\n\n\n<p><\/p>\n\n\n\n<p><\/p>\n\n\n\n<h1 class=\"wp-block-heading\"><strong>CO M\u016e\u017dU REKLAMOVAT?<\/strong><\/h1>\n\n\n\n<p class=\"ticss-9f8403a0 has-color-black-color has-text-color\" style=\"font-size:20px\">D\u016fvodem k reklamaci fotek nen\u00ed: nespolupr\u00e1ce p\u0159i focen\u00ed, po\u010das\u00ed, vlastn\u00ed vzhled na fotk\u00e1ch, neupraven\u00e9 oble\u010den\u00ed, rozfoukan\u00e9 vlasy, odlesky, nasazen\u00e9 slune\u010dn\u00ed br\u00fdle, \u010douhaj\u00edc\u00ed ram\u00ednka, a ani nen\u00ed mo\u017en\u00e9 reklamovat fotografick\u00fd styl. Reklamace bude uzn\u00e1na v p\u0159\u00edpad\u011b po\u0161kozen\u00ed digit\u00e1ln\u00edch dat, kde bude sjedn\u00e1na n\u00e1hrada a navr\u017eeno \u0159e\u0161en\u00ed dan\u00e9 situace.<\/p>\n\n\n\n<p><\/p>\n\n\n\n<p><\/p>\n\n\n\n<h1 class=\"wp-block-heading\"><strong>AUTORSK\u00c1 PR\u00c1VA<\/strong><\/h1>\n\n\n\n<p class=\"ticss-504d8ea1 has-color-black-color has-text-color\" style=\"font-size:20px\">Ve\u0161ker\u00e9 fotografie jsou chr\u00e1n\u011bny autorsk\u00fdm z\u00e1konem (tzn. nesm\u00ed b\u00fdt pou\u017eity pro jak\u00fdkoli komer\u010dn\u00ed \u00fa\u010del, propagaci \u010di prodej t\u0159et\u00ed stran\u011b bez p\u00edsemn\u00e9ho souhlasu autora). Vyhrazuji si pr\u00e1vo na zve\u0159ejn\u011bn\u00ed fotografi\u00ed na sv\u00e9m Facebooku, Instagramu a webov\u00fdch str\u00e1nk\u00e1ch www.musilova.net. V p\u0159\u00edpad\u011b, \u017ee si nep\u0159ejete zve\u0159ej\u0148ovat fotografie, informujte m\u011b pros\u00edm o t\u00e9to skute\u010dnosti neprodlen\u011b po focen\u00ed. V\u0161echny zv\u011b\u0159ejn\u011bn\u00e9 fotografie v portfoliu, na soci\u00e1ln\u00edch s\u00edt\u00edch nebo na sv\u00fdch webov\u00fdch str\u00e1nk\u00e1ch disponuj\u00ed souhlasem dan\u00fdch osob. Pokud si klient&nbsp; souhlas rozmysl\u00ed, m\u00e1 pr\u00e1vo ho odvolat a to p\u00edsemn\u011b nebo emailem na uveden\u00e9 adrese \u010di e-mailu.<\/p>\n\n\n\n<p><\/p>\n\n\n\n<p><\/p>\n\n\n\n<h1 class=\"wp-block-heading\">OCHRANA OSOBN\u00cdCH \u00daDAJ\u016e<\/h1>\n\n\n\n<p class=\"ticss-5b623044 has-color-black-color has-text-color\" style=\"font-size:20px\">Zpracov\u00e1n\u00ed osobn\u00edch \u00fadaj\u016f, kter\u00e9 jsou poskytnuty v&nbsp;souvislosti s objedn\u00e1n\u00edm focen\u00ed, budu zpracov\u00e1vat dle Na\u0159\u00edzen\u00ed (EU) 2016\/679, o ochran\u011b fyzick\u00fdch osob v souvislosti se zpracov\u00e1n\u00edm osobn\u00edch \u00fadaj\u016f (obecn\u00e9 na\u0159\u00edzen\u00ed o ochran\u011b osobn\u00edch \u00fadaj\u016f).<\/p>\n\n\n\n<p class=\"ticss-fa8e32ea has-color-black-color has-text-color\" style=\"font-size:20px\">1) \u00da\u010delem zpracov\u00e1n\u00ed je evidence smluvn\u00ed spolupr\u00e1ce a uplatn\u011bn\u00ed p\u0159\u00edpadn\u00e9 reklamace. Osobn\u00ed \u00fadaje objednatele v&nbsp;souladu se z\u00e1konem \u010d. 563\/1991 Sb., z\u00e1kon o \u00fa\u010detnictv\u00ed 5 let, n\u00e1sledn\u011b \u00fadaje zlikviduje. M\u00e1te pr\u00e1vo dle \u010dl. 15 \u2013 20 Obecn\u00e9ho na\u0159\u00edzen\u00ed o ochran\u011b osobn\u00edch \u00fadaj\u016f 2016\/679, zejm\u00e9na pr\u00e1va na p\u0159\u00edstup k&nbsp;osobn\u00edm \u00fadaj\u016fm, pr\u00e1va na opravu a pr\u00e1vo na v\u00fdmaz.<\/p>\n\n\n\n<p class=\"ticss-eca9d8ee has-color-black-color has-text-color\" style=\"font-size:20px\">2) V souvislosti s&nbsp;prov\u00e1d\u011bn\u00edm d\u00edla (kde je v\u00edce osob, svatba, rodinn\u00e9 focen\u00ed a pod.) mohou b\u00fdt po\u0159izov\u00e1ny i osobn\u00ed \u00fadaje dal\u0161\u00edch osob, nikoliv jen objednatele, objednatel prohla\u0161uje a nese odpov\u011bdnost za to, \u017ee tyto osoby obezn\u00e1mil s&nbsp;t\u00edm, \u017ee budou jejich osobn\u00ed \u00fadaje zpracov\u00e1v\u00e1ny a jak\u00e1 maj\u00ed pr\u00e1va, a to v&nbsp;rozsahu v\u00fd\u0161e uveden\u00fdch odst. 1 tohoto \u010dl\u00e1nku.<\/p>\n\n\n\n<p><\/p>\n\n\n\n<h1 class=\"wp-block-heading\"><strong>M\u00c1M D\u00c1RKOV\u00dd POUKAZ<\/strong><\/h1>\n\n\n\n<p class=\"ticss-6abb8ad2 has-color-black-color has-text-color\" style=\"font-size:20px\">D\u00e1rkov\u00fd poukaz m\u016f\u017eete uplatnit po jeho p\u0159edlo\u017een\u00ed p\u0159i focen\u00ed. Objedn\u00e1vejte se ide\u00e1ln\u011b 2 m\u011bs\u00edce p\u0159ed ukon\u010den\u00edm jeho platnosti (na ka\u017ed\u00e9m poukazu je uvedena jeho platnost). Objedn\u00e1n\u00edm akceptujete obchodn\u00ed podm\u00ednky. D\u00e9lku kuponu nelze prodlou\u017eit a nelze jej vym\u011bnit za finan\u010dn\u00ed kompenzaci! Objedn\u00e1vejte se emailem na <a rel=\"noreferrer noopener\" href=\"mailto:jana@musilova.net\" target=\"_blank\">jana@musilova.net<\/a><\/p>\n","protected":false},"excerpt":{"rendered":"<p>platn\u00e9 od 1.1.2023 Adresa provozovny: Pustim\u011b\u0159 117, 68321 I\u010cO: 74634721Nejsem pl\u00e1tce DPH. OBJEDN\u00c1N\u00cd TERM\u00cdNU Rezervovat&#8230;<\/p>\n","protected":false},"author":1,"featured_media":0,"parent":0,"menu_order":0,"comment_status":"closed","ping_status":"closed","template":"","meta":{"footnotes":""},"class_list":["post-719","page","type-page","status-publish","hentry"],"_links":{"self":[{"href":"https:\/\/www.musilova.net\/index.php?rest_route=\/wp\/v2\/pages\/719","targetHints":{"allow":["GET"]}}],"collection":[{"href":"https:\/\/www.musilova.net\/index.php?rest_route=\/wp\/v2\/pages"}],"about":[{"href":"https:\/\/www.musilova.net\/index.php?rest_route=\/wp\/v2\/types\/page"}],"author":[{"embeddable":true,"href":"https:\/\/www.musilova.net\/index.php?rest_route=\/wp\/v2\/users\/1"}],"replies":[{"embeddable":true,"href":"https:\/\/www.musilova.net\/index.php?rest_route=%2Fwp%2Fv2%2Fcomments&post=719"}],"version-history":[{"count":77,"href":"https:\/\/www.musilova.net\/index.php?rest_route=\/wp\/v2\/pages\/719\/revisions"}],"predecessor-version":[{"id":2804,"href":"https:\/\/www.musilova.net\/index.php?rest_route=\/wp\/v2\/pages\/719\/revisions\/2804"}],"wp:attachment":[{"href":"https:\/\/www.musilova.net\/index.php?rest_route=%2Fwp%2Fv2%2Fmedia&parent=719"}],"curies":[{"name":"wp","href":"https:\/\/api.w.org\/{rel}","templated":true}]}}