{"id":3060,"date":"2024-04-08T11:30:27","date_gmt":"2024-04-08T09:30:27","guid":{"rendered":"https:\/\/www.musilova.net\/?page_id=3060"},"modified":"2024-05-13T06:54:34","modified_gmt":"2024-05-13T04:54:34","slug":"instrukce-k-foceni-miminka","status":"publish","type":"page","link":"https:\/\/www.musilova.net\/?page_id=3060","title":{"rendered":"Instrukce k focen\u00ed miminka"},"content":{"rendered":"<h1>P\u0158ED FOCEN\u00cdM<\/h1>\n<p>Napi\u0161te mn\u011b jak\u00fd styl se V\u00e1m l\u00edb\u00ed nebo to cel\u00e9 m\u016f\u017eete nechat cel\u00e9 na m\u011b. Neslibuji V\u00e1m, \u017ee V\u00e1m ud\u011bl\u00e1m p\u0159esn\u011b takovou fotku jakou mn\u011b po\u0161lete, ale m\u016f\u017eeme se jimi inspirovat, a tak\u00e9 l\u00e9pe poznat, jak\u00fd styl fotek od focen\u00ed o\u010dek\u00e1v\u00e1te. Ka\u017ed\u00fd m\u00e1me jin\u00fd vkus, ka\u017ed\u00e9mu se l\u00edb\u00ed n\u011bco jin\u00e9ho, a j\u00e1 se v\u017edy sna\u017e\u00edm, aby byl z\u00e1kazn\u00edk spokojen\u00fd a dostal to, co chce. Fot\u00edm hlavn\u011b p\u0159irozen\u011b, tak aby miminko i rodi\u010de byli co nejv\u00edc v pohod\u011b. Miminko polohuji v n\u00e1ru\u010d\u00ed, pokud to dovol\u00ed a nech\u00e1 se \ud83d\ude09 Miminku oble\u010dte snadno sundavac\u00ed oble\u010den\u00ed. Mnohdy usne v aut\u011b a m\u016f\u017eeme rovnou fotit.<\/p>\n<p>Sourozence hla\u0161te u\u017e u domluvy focen\u00ed. Podle jejich v\u011bku nachyst\u00e1m cel\u00e9 focen\u00ed.<\/p>\n<h1>CO S SEBOU PRO MIMINKO<\/h1>\n<p>Pokud to jde, vydr\u017ete s krmen\u00edm a\u017e p\u0159ed focen\u00edm. Pop\u0159\u00edpad\u011b pokud pot\u0159ebuje, nakrmte tro\u0161ku, ale po\u0159\u00e1dn\u011b dokrmte a\u017e v ateli\u00e9ru. Je tam na to \u010das i prostor. Pokud m\u00e1 p\u0159\u00edkrm, tak ho nezapome\u0148te vz\u00edt s sebou a vz\u00edt ho dostatek. Sta\u010d\u00ed hork\u00e1 kojeneck\u00e1 voda do termosky a studen\u00e1 s sebou, na m\u00edst\u011b m\u016f\u017eete ml\u00ed\u010dko pohodln\u011b p\u0159ipravit. Po\u010d\u00edtejte s \u010dast\u011bj\u0161\u00edm krmen\u00edm b\u011bhem focen\u00ed, aby miminko bylo spokojen\u00e9, napapan\u00e9 a dalo n\u00e1m prostor na focen\u00ed. Vezm\u011bte pl\u00ednky, bavln\u011bnou pl\u00ednku, dudl\u00edk (i kdy\u017e ho nepou\u017e\u00edv\u00e1te, za dv\u011b hodiny nevznik\u00e1 na dudl\u00edk n\u00e1vyk), h\u0159eb\u00ednek, p\u0159ebalovac\u00ed podlo\u017eku, masti\u010dku na t\u011blo (ne olej\u00ed\u010dek), kapi\u010dky do o\u010d\u00ed, pokud pou\u017e\u00edv\u00e1te a vlh\u010den\u00e9 ubrousky. Pokud m\u00e1te pro miminko n\u011bco,co chcete m\u00edt na fotk\u00e1ch, vezm\u011bte to.<\/p>\n<h1>CO S SEBOU MAJ\u00cd M\u00cdT SOUROZENCI A RODI\u010cE?<strong><br \/>\n<\/strong><\/h1>\n<p>Vhodn\u00e9 oble\u010den\u00ed \u2013 ide\u00e1ln\u011b cel\u00e1 rodina barevn\u011b slad\u011bn\u00e1. Volte oble\u010den\u00ed bez n\u00e1pis\u016f, obr\u00e1zk\u016f. Barevn\u011b neutr\u00e1ln\u00ed oble\u010den\u00ed, barvy sp\u00ed\u0161e p\u0159\u00edrodn\u00ed \u2013 t\u0159eba b\u00edlou, b\u00e9\u017eovou,hn\u011bdou. Nic nezkaz\u00edte, pokud si vezmete \u010dist\u011b b\u00edl\u00e9 nebo \u010dern\u00e9 triko a d\u017e\u00edny. \u010cern\u00e1 varianta vypad\u00e1 skv\u011ble na \u010dern\u00e9m pozad\u00ed s nahulat\u00fdm miminkem. Pokud chcete barevn\u011bj\u0161\u00ed, tak volte nap\u0159. sv\u011btle modrou, pudrov\u011b r\u016f\u017eovou a pod. Pokud je to mo\u017en\u00e9, p\u0159ije\u010fte ji\u017e oble\u010deni v tom, v \u010dem budeme fotit. V pr\u016fb\u011bhu se v\u0161ak m\u016f\u017eete i p\u0159evl\u00e9knout, tak\u017ee si vezm\u011bte s sebou druhou variantu oble\u010den\u00ed. Vezm\u011bte i jednu variantu n\u00e1hradn\u00edho oble\u010den\u00ed v \u010dem pojedete dom\u016f (nezapome\u0148te i kalhoty), kdyby se stala n\u011bjak\u00e1 nehoda, kdy\u017e se bude fotit miminko nahulat\u00e9 (to jak budete cht\u00edt). Pokud se v\u016fbec nem\u016f\u017eete rozhodnout jakou variantu, vezm\u011bte s sebou klidn\u011b v\u00edce oble\u010den\u00ed a variant, a spole\u010dn\u011b vybereme, co bude nejvhodn\u011bj\u0161\u00ed. Fot\u00ed se naboso.<\/p>\n<p>Pokud m\u00e1te ji\u017e star\u0161\u00ed d\u00edtko, vezm\u011bte pro n\u011bj t\u0159eba i n\u011bjakou hra\u010dku, kn\u00ed\u017eku nebo tablet, abychom ho p\u0159\u00edpadn\u011b mohli zabavit <img decoding=\"async\" class=\"emoji\" role=\"img\" draggable=\"false\" src=\"https:\/\/s.w.org\/images\/core\/emoji\/13.0.1\/svg\/1f642.svg\" alt=\"\ud83d\ude42\" \/> a n\u011bjakou odm\u011bnu, a\u0165 ho m\u016f\u017eeme t\u0159eba motivovat na sourozeneckou fotku.<\/p>\n<p>Nezapome\u0148te na sva\u010dinu a pit\u00ed pro sebe a v\u0161echny ostatn\u00ed.<\/p>\n<h1>PR\u016eB\u011aH FOCEN\u00cd<\/h1>\n<p>Focen\u00ed prob\u00edh\u00e1 p\u0159ibli\u017en\u011b 1-2 hodiny. B\u011bhem focen\u00ed ud\u011bl\u00e1me rodinn\u00e9 fotky i fotky samotn\u00e9ho miminka. Nesna\u017e\u00edm se je marn\u011b usp\u00e1vat. Vyu\u017e\u00edv\u00e1m toho, jak kr\u00e1sn\u011b koukaj\u00ed a fot\u00edm je ve va\u0161\u00ed n\u00e1ru\u010di. Je mo\u017enost zap\u016fj\u010dit oble\u010dky a pro hol\u010di\u010dky \u010delenky. V\u0161e prob\u00edh\u00e1 podle toho, zda je miminko klidn\u00e9 nebo pot\u0159ebuje n\u00e1ru\u010d, tak mu p\u0159izp\u016fsob\u00edme cel\u00e9 focen\u00ed. Sourozence do ni\u010deho netla\u010dte a nevyhro\u017eujte jim. Berte to jako n\u00e1v\u0161t\u011bvu u tety, a pokus\u00edme se s nimi v\u0161e vykomunikovat formou hry. Fot\u00edm kombinaci momentek a jednoduch\u00fdch stylizovan\u00fdch fotek. Pokud chcete n\u011bjakou konkr\u00e9tn\u00ed polohovanou fotku, tak mn\u011b to dejte pros\u00edm dop\u0159edu v\u011bd\u011bt, abych mohla p\u0159ipravit rekvizity. Nap\u0159\u00edklad s medv\u00eddky nebo v srd\u00ed\u010dku a pod.<\/p>\n<p>&nbsp;<\/p>\n<p>&nbsp;<\/p>\n<p>&nbsp;<\/p>\n","protected":false},"excerpt":{"rendered":"<p>P\u0158ED FOCEN\u00cdM Napi\u0161te mn\u011b jak\u00fd styl se V\u00e1m l\u00edb\u00ed nebo to cel\u00e9 m\u016f\u017eete nechat cel\u00e9&#8230;<\/p>\n","protected":false},"author":1,"featured_media":1958,"parent":0,"menu_order":0,"comment_status":"closed","ping_status":"closed","template":"","meta":{"footnotes":""},"class_list":["post-3060","page","type-page","status-publish","has-post-thumbnail","hentry"],"_links":{"self":[{"href":"https:\/\/www.musilova.net\/index.php?rest_route=\/wp\/v2\/pages\/3060","targetHints":{"allow":["GET"]}}],"collection":[{"href":"https:\/\/www.musilova.net\/index.php?rest_route=\/wp\/v2\/pages"}],"about":[{"href":"https:\/\/www.musilova.net\/index.php?rest_route=\/wp\/v2\/types\/page"}],"author":[{"embeddable":true,"href":"https:\/\/www.musilova.net\/index.php?rest_route=\/wp\/v2\/users\/1"}],"replies":[{"embeddable":true,"href":"https:\/\/www.musilova.net\/index.php?rest_route=%2Fwp%2Fv2%2Fcomments&post=3060"}],"version-history":[{"count":7,"href":"https:\/\/www.musilova.net\/index.php?rest_route=\/wp\/v2\/pages\/3060\/revisions"}],"predecessor-version":[{"id":3075,"href":"https:\/\/www.musilova.net\/index.php?rest_route=\/wp\/v2\/pages\/3060\/revisions\/3075"}],"wp:featuredmedia":[{"embeddable":true,"href":"https:\/\/www.musilova.net\/index.php?rest_route=\/wp\/v2\/media\/1958"}],"wp:attachment":[{"href":"https:\/\/www.musilova.net\/index.php?rest_route=%2Fwp%2Fv2%2Fmedia&parent=3060"}],"curies":[{"name":"wp","href":"https:\/\/api.w.org\/{rel}","templated":true}]}}