{"id":2677,"date":"2022-04-06T15:12:46","date_gmt":"2022-04-06T13:12:46","guid":{"rendered":"https:\/\/www.musilova.net\/?page_id=2677"},"modified":"2026-04-16T08:23:03","modified_gmt":"2026-04-16T06:23:03","slug":"fresh-48-lifestyle-foceni-v-porodnici-nebo-doma","status":"publish","type":"page","link":"https:\/\/www.musilova.net\/?page_id=2677","title":{"rendered":"Fresh 48\/lifestyle focen\u00ed v porodnici nebo doma"},"content":{"rendered":"\r\n<h1 style=\"text-align: left; padding-left: 40px;\">Cena 4500 K\u010d<\/h1>\r\n<hr \/>\r\n\r\n\r\n<p>Fotografie prvn\u00edch spole\u010dn\u00fdch moment\u016f miminka a maminky b\u011bhem prvn\u00edch 48 hodin. P\u0159ijedu za V\u00e1mi do porodnice nebo dom\u016f.<\/p>\r\n\r\n\r\n\r\n<p>&nbsp;<\/p>\r\n\r\n\r\n\r\n<p>&nbsp;<\/p>\r\n\r\n\r\n\r\n<p>&nbsp;<\/p>\r\n<p>\r\n\r\n<\/p>\r\n<p>V r\u00e1mci bal\u00ed\u010dku je slideshow s hudebn\u00edm podkladem.<\/p>\r\n<p>&nbsp;<\/p>\r\n<p>\r\n\r\n<\/p>\r\n<hr \/>\r\n<p>\r\n\r\n<\/p>\r\n<pre class=\"wp-block-preformatted\">Dopravn\u00e9 \u010din\u00ed 15 K\u010d\/km (v okol\u00ed do 15 km od m\u00edsta m\u00e9ho bydli\u0161t\u011b si dopravn\u00e9 ne\u00fa\u010dtuji).<\/pre>\r\n<p><\/p>\r\n<p>&nbsp;<\/p>","protected":false},"excerpt":{"rendered":"<p>Fotografie prvn\u00edch spole\u010dn\u00fdch moment\u016f miminka a maminky b\u011bhem prvn\u00edch 48 hodin. P\u0159ijedu za V\u00e1mi do&#8230;<\/p>\n","protected":false},"author":1,"featured_media":2688,"parent":0,"menu_order":0,"comment_status":"closed","ping_status":"closed","template":"","meta":{"footnotes":""},"class_list":["post-2677","page","type-page","status-publish","has-post-thumbnail","hentry"],"_links":{"self":[{"href":"https:\/\/www.musilova.net\/index.php?rest_route=\/wp\/v2\/pages\/2677","targetHints":{"allow":["GET"]}}],"collection":[{"href":"https:\/\/www.musilova.net\/index.php?rest_route=\/wp\/v2\/pages"}],"about":[{"href":"https:\/\/www.musilova.net\/index.php?rest_route=\/wp\/v2\/types\/page"}],"author":[{"embeddable":true,"href":"https:\/\/www.musilova.net\/index.php?rest_route=\/wp\/v2\/users\/1"}],"replies":[{"embeddable":true,"href":"https:\/\/www.musilova.net\/index.php?rest_route=%2Fwp%2Fv2%2Fcomments&post=2677"}],"version-history":[{"count":28,"href":"https:\/\/www.musilova.net\/index.php?rest_route=\/wp\/v2\/pages\/2677\/revisions"}],"predecessor-version":[{"id":3205,"href":"https:\/\/www.musilova.net\/index.php?rest_route=\/wp\/v2\/pages\/2677\/revisions\/3205"}],"wp:featuredmedia":[{"embeddable":true,"href":"https:\/\/www.musilova.net\/index.php?rest_route=\/wp\/v2\/media\/2688"}],"wp:attachment":[{"href":"https:\/\/www.musilova.net\/index.php?rest_route=%2Fwp%2Fv2%2Fmedia&parent=2677"}],"curies":[{"name":"wp","href":"https:\/\/api.w.org\/{rel}","templated":true}]}}