{"id":1611,"date":"2021-01-24T12:45:38","date_gmt":"2021-01-24T10:45:38","guid":{"rendered":"http:\/\/www2.musilova.net\/?page_id=1611"},"modified":"2026-04-16T08:24:31","modified_gmt":"2026-04-16T06:24:31","slug":"portretni-foceni","status":"publish","type":"page","link":"https:\/\/www.musilova.net\/?page_id=1611","title":{"rendered":"Business potr\u00e9t"},"content":{"rendered":"<h1>3000 K\u010d<\/h1>\r\n<hr \/>\r\n<p>Vhodn\u00e9 pro firemn\u00ed focen\u00ed (p\u0159i v\u011bt\u0161\u00edm po\u010dtu lid\u00ed je cena individu\u00e1ln\u00ed), profesion\u00e1ln\u00ed fotografie na online vizitky a osobn\u00ed prezentaci.<\/p>\r\n\r\n<p>&nbsp;<\/p>\r\n\r\n<p>D\u00e9lka focen\u00ed cca <em>20 <\/em>min.<\/p>\r\n<p>5 ks upraven\u00fdch fotografi\u00ed v barevn\u00e9 i \u010dernob\u00edl\u00e9 verzi.<\/p>\r\n<p>Fotografie v pln\u00e9m rozli\u0161en\u00ed a rozli\u0161en\u00ed na web.<\/p>\r\n<p>Vlastn\u00ed v\u00fdb\u011br z n\u00e1hled\u016f.<\/p>\r\n<p>Mo\u017enost dokoupen\u00ed fotografi\u00ed nav\u00edc za 300 K\u010d\/ks.<\/p>\r\n<p>&nbsp;<\/p>\r\n<hr class=\"wp-block-separator has-css-opacity is-style-wide\" \/>\r\n\r\n\r\n<p>&nbsp;<\/p>\r\n\r\n<pre><span style=\"color: #ffffff;\">NADSTANDARDN\u00cd SLU\u017dBY<\/span><br \/><br \/>Dopravn\u00e9 \u010din\u00ed 15 K\u010d\/km (v okol\u00ed do 15 km od m\u00edsta m\u00e9ho bydli\u0161t\u011b si dopravn\u00e9 ne\u00fa\u010dtuji).<br \/><br \/>Viz\u00e1\u017eistka: make-up v\u010detn\u011b lehk\u00e9 \u00fapravy vlas\u016f 1 800 K\u010d.<br \/><br \/>Pokro\u010dil\u00e1 retu\u0161 = odstran\u011bn\u00ed osoby, odstran\u011bn\u00ed tetov\u00e1n\u00ed, ze\u0161t\u00edhlen\u00ed, odstran\u011bn\u00ed vr\u00e1sek a pod. za 200 K\u010d\/ks.<br \/><br \/>Focen\u00ed o v\u00edkendu: 1000 K\u010d.<br \/><br \/><br \/><\/pre>","protected":false},"excerpt":{"rendered":"<p>3000 K\u010d Vhodn\u00e9 pro firemn\u00ed focen\u00ed (p\u0159i v\u011bt\u0161\u00edm po\u010dtu lid\u00ed je cena individu\u00e1ln\u00ed), profesion\u00e1ln\u00ed fotografie&#8230;<\/p>\n","protected":false},"author":1,"featured_media":1001,"parent":0,"menu_order":0,"comment_status":"closed","ping_status":"closed","template":"","meta":{"footnotes":""},"class_list":["post-1611","page","type-page","status-publish","has-post-thumbnail","hentry"],"_links":{"self":[{"href":"https:\/\/www.musilova.net\/index.php?rest_route=\/wp\/v2\/pages\/1611","targetHints":{"allow":["GET"]}}],"collection":[{"href":"https:\/\/www.musilova.net\/index.php?rest_route=\/wp\/v2\/pages"}],"about":[{"href":"https:\/\/www.musilova.net\/index.php?rest_route=\/wp\/v2\/types\/page"}],"author":[{"embeddable":true,"href":"https:\/\/www.musilova.net\/index.php?rest_route=\/wp\/v2\/users\/1"}],"replies":[{"embeddable":true,"href":"https:\/\/www.musilova.net\/index.php?rest_route=%2Fwp%2Fv2%2Fcomments&post=1611"}],"version-history":[{"count":36,"href":"https:\/\/www.musilova.net\/index.php?rest_route=\/wp\/v2\/pages\/1611\/revisions"}],"predecessor-version":[{"id":3208,"href":"https:\/\/www.musilova.net\/index.php?rest_route=\/wp\/v2\/pages\/1611\/revisions\/3208"}],"wp:featuredmedia":[{"embeddable":true,"href":"https:\/\/www.musilova.net\/index.php?rest_route=\/wp\/v2\/media\/1001"}],"wp:attachment":[{"href":"https:\/\/www.musilova.net\/index.php?rest_route=%2Fwp%2Fv2%2Fmedia&parent=1611"}],"curies":[{"name":"wp","href":"https:\/\/api.w.org\/{rel}","templated":true}]}}